{"id":172,"date":"2025-02-03T20:32:28","date_gmt":"2025-02-03T19:32:28","guid":{"rendered":"http:\/\/salaries-assistance.fr\/?page_id=172"},"modified":"2026-03-26T10:29:20","modified_gmt":"2026-03-26T09:29:20","slug":"cgv","status":"publish","type":"page","link":"https:\/\/salaries-assistance.fr\/?page_id=172","title":{"rendered":"CGV"},"content":{"rendered":"","protected":false},"excerpt":{"rendered":"","protected":false},"author":1,"featured_media":0,"parent":0,"menu_order":0,"comment_status":"closed","ping_status":"closed","template":"full-width","meta":{"saved_in_kubio":true,"footnotes":""},"class_list":["post-172","page","type-page","status-publish","hentry"],"kubio_ai_page_context":{"short_desc":"","purpose":"general"},"yoast_head":"<!-- This site is optimized with the Yoast SEO plugin v24.5 - https:\/\/yoast.com\/wordpress\/plugins\/seo\/ -->\n<title>CGV - Salari\u00e9s Assistance<\/title>\n<meta name=\"robots\" content=\"index, follow, max-snippet:-1, max-image-preview:large, max-video-preview:-1\" \/>\n<link rel=\"canonical\" href=\"https:\/\/salaries-assistance.fr\/?page_id=172\" \/>\n<meta property=\"og:locale\" content=\"fr_FR\" \/>\n<meta property=\"og:type\" content=\"article\" \/>\n<meta property=\"og:title\" content=\"CGV - Salari\u00e9s Assistance\" \/>\n<meta property=\"og:url\" content=\"https:\/\/salaries-assistance.fr\/?page_id=172\" \/>\n<meta property=\"og:site_name\" content=\"Salari\u00e9s Assistance\" \/>\n<meta property=\"article:modified_time\" content=\"2026-03-26T09:29:20+00:00\" \/>\n<meta name=\"twitter:card\" content=\"summary_large_image\" \/>\n<meta name=\"twitter:label1\" content=\"Dur\u00e9e de lecture estim\u00e9e\" \/>\n\t<meta name=\"twitter:data1\" content=\"13 minutes\" \/>\n<script type=\"application\/ld+json\" class=\"yoast-schema-graph\">{\"@context\":\"https:\/\/schema.org\",\"@graph\":[{\"@type\":\"WebPage\",\"@id\":\"https:\/\/salaries-assistance.fr\/?page_id=172\",\"url\":\"https:\/\/salaries-assistance.fr\/?page_id=172\",\"name\":\"CGV - Salari\u00e9s Assistance\",\"isPartOf\":{\"@id\":\"https:\/\/salaries-assistance.fr\/#website\"},\"datePublished\":\"2025-02-03T19:32:28+00:00\",\"dateModified\":\"2026-03-26T09:29:20+00:00\",\"breadcrumb\":{\"@id\":\"https:\/\/salaries-assistance.fr\/?page_id=172#breadcrumb\"},\"inLanguage\":\"fr-FR\",\"potentialAction\":[{\"@type\":\"ReadAction\",\"target\":[\"https:\/\/salaries-assistance.fr\/?page_id=172\"]}]},{\"@type\":\"BreadcrumbList\",\"@id\":\"https:\/\/salaries-assistance.fr\/?page_id=172#breadcrumb\",\"itemListElement\":[{\"@type\":\"ListItem\",\"position\":1,\"name\":\"Accueil\",\"item\":\"https:\/\/salaries-assistance.fr\/\"},{\"@type\":\"ListItem\",\"position\":2,\"name\":\"CGV\"}]},{\"@type\":\"WebSite\",\"@id\":\"https:\/\/salaries-assistance.fr\/#website\",\"url\":\"https:\/\/salaries-assistance.fr\/\",\"name\":\"Salari\u00e9s Assistance\",\"description\":\"Des experts du num\u00e9rique au services des salari\u00e9s\",\"publisher\":{\"@id\":\"https:\/\/salaries-assistance.fr\/#organization\"},\"potentialAction\":[{\"@type\":\"SearchAction\",\"target\":{\"@type\":\"EntryPoint\",\"urlTemplate\":\"https:\/\/salaries-assistance.fr\/?s={search_term_string}\"},\"query-input\":{\"@type\":\"PropertyValueSpecification\",\"valueRequired\":true,\"valueName\":\"search_term_string\"}}],\"inLanguage\":\"fr-FR\"},{\"@type\":\"Organization\",\"@id\":\"https:\/\/salaries-assistance.fr\/#organization\",\"name\":\"Salari\u00e9s Assistance\",\"url\":\"https:\/\/salaries-assistance.fr\/\",\"logo\":{\"@type\":\"ImageObject\",\"inLanguage\":\"fr-FR\",\"@id\":\"https:\/\/salaries-assistance.fr\/#\/schema\/logo\/image\/\",\"url\":\"https:\/\/salaries-assistance.fr\/wp-content\/uploads\/2025\/02\/logo_salaries-assistance_Marron_v1.png\",\"contentUrl\":\"https:\/\/salaries-assistance.fr\/wp-content\/uploads\/2025\/02\/logo_salaries-assistance_Marron_v1.png\",\"width\":200,\"height\":200,\"caption\":\"Salari\u00e9s Assistance\"},\"image\":{\"@id\":\"https:\/\/salaries-assistance.fr\/#\/schema\/logo\/image\/\"}}]}<\/script>\n<!-- \/ Yoast SEO plugin. -->","yoast_head_json":{"title":"CGV - Salari\u00e9s Assistance","robots":{"index":"index","follow":"follow","max-snippet":"max-snippet:-1","max-image-preview":"max-image-preview:large","max-video-preview":"max-video-preview:-1"},"canonical":"https:\/\/salaries-assistance.fr\/?page_id=172","og_locale":"fr_FR","og_type":"article","og_title":"CGV - Salari\u00e9s Assistance","og_url":"https:\/\/salaries-assistance.fr\/?page_id=172","og_site_name":"Salari\u00e9s Assistance","article_modified_time":"2026-03-26T09:29:20+00:00","twitter_card":"summary_large_image","twitter_misc":{"Dur\u00e9e de lecture estim\u00e9e":"13 minutes"},"schema":{"@context":"https:\/\/schema.org","@graph":[{"@type":"WebPage","@id":"https:\/\/salaries-assistance.fr\/?page_id=172","url":"https:\/\/salaries-assistance.fr\/?page_id=172","name":"CGV - Salari\u00e9s Assistance","isPartOf":{"@id":"https:\/\/salaries-assistance.fr\/#website"},"datePublished":"2025-02-03T19:32:28+00:00","dateModified":"2026-03-26T09:29:20+00:00","breadcrumb":{"@id":"https:\/\/salaries-assistance.fr\/?page_id=172#breadcrumb"},"inLanguage":"fr-FR","potentialAction":[{"@type":"ReadAction","target":["https:\/\/salaries-assistance.fr\/?page_id=172"]}]},{"@type":"BreadcrumbList","@id":"https:\/\/salaries-assistance.fr\/?page_id=172#breadcrumb","itemListElement":[{"@type":"ListItem","position":1,"name":"Accueil","item":"https:\/\/salaries-assistance.fr\/"},{"@type":"ListItem","position":2,"name":"CGV"}]},{"@type":"WebSite","@id":"https:\/\/salaries-assistance.fr\/#website","url":"https:\/\/salaries-assistance.fr\/","name":"Salari\u00e9s Assistance","description":"Des experts du num\u00e9rique au services des salari\u00e9s","publisher":{"@id":"https:\/\/salaries-assistance.fr\/#organization"},"potentialAction":[{"@type":"SearchAction","target":{"@type":"EntryPoint","urlTemplate":"https:\/\/salaries-assistance.fr\/?s={search_term_string}"},"query-input":{"@type":"PropertyValueSpecification","valueRequired":true,"valueName":"search_term_string"}}],"inLanguage":"fr-FR"},{"@type":"Organization","@id":"https:\/\/salaries-assistance.fr\/#organization","name":"Salari\u00e9s Assistance","url":"https:\/\/salaries-assistance.fr\/","logo":{"@type":"ImageObject","inLanguage":"fr-FR","@id":"https:\/\/salaries-assistance.fr\/#\/schema\/logo\/image\/","url":"https:\/\/salaries-assistance.fr\/wp-content\/uploads\/2025\/02\/logo_salaries-assistance_Marron_v1.png","contentUrl":"https:\/\/salaries-assistance.fr\/wp-content\/uploads\/2025\/02\/logo_salaries-assistance_Marron_v1.png","width":200,"height":200,"caption":"Salari\u00e9s Assistance"},"image":{"@id":"https:\/\/salaries-assistance.fr\/#\/schema\/logo\/image\/"}}]}},"_links":{"self":[{"href":"https:\/\/salaries-assistance.fr\/index.php?rest_route=\/wp\/v2\/pages\/172","targetHints":{"allow":["GET"]}}],"collection":[{"href":"https:\/\/salaries-assistance.fr\/index.php?rest_route=\/wp\/v2\/pages"}],"about":[{"href":"https:\/\/salaries-assistance.fr\/index.php?rest_route=\/wp\/v2\/types\/page"}],"author":[{"embeddable":true,"href":"https:\/\/salaries-assistance.fr\/index.php?rest_route=\/wp\/v2\/users\/1"}],"replies":[{"embeddable":true,"href":"https:\/\/salaries-assistance.fr\/index.php?rest_route=%2Fwp%2Fv2%2Fcomments&post=172"}],"version-history":[{"count":10,"href":"https:\/\/salaries-assistance.fr\/index.php?rest_route=\/wp\/v2\/pages\/172\/revisions"}],"predecessor-version":[{"id":564,"href":"https:\/\/salaries-assistance.fr\/index.php?rest_route=\/wp\/v2\/pages\/172\/revisions\/564"}],"wp:attachment":[{"href":"https:\/\/salaries-assistance.fr\/index.php?rest_route=%2Fwp%2Fv2%2Fmedia&parent=172"}],"curies":[{"name":"wp","href":"https:\/\/api.w.org\/{rel}","templated":true}]}}